 o(s) = -2 + v*s + f*s + 0. Calculate o(3).
7
Let b(z) be the third derivative of z**4/2 + z**3/3 - 9*z**2. Give b(-2).
-22
Let b(l) = 2*l - 11. Let z(r) = -r + 5. Let m(k) = 6*b(k) + 13*z(k). Suppose -3*w = 2 - 5. Calculate m(w).
-2
Let c be ((-4)/2)/(2/(-3)). Let f(v) = 22*v**2 + v. Let k be f(1). Suppose 6*w - 4 = 2*w, -5*w = -c*a - k. Let o(n) = n**3 + 5*n**2 - 7*n - 3. Give o(a).
3
Let l(r) = 4*r**2 + 0 - 5*r**2 - 3 + 5 - 8*r. Calculate l(-7).
9
Suppose j = 5*j + 2*i - 18, 11 = -2*j + 3*i. Suppose 0 + 10 = -j*k. Let y(a) = -2*a - 3. What is y(k)?
7
Let g(k) = -k + 3*k**2 + 5*k - 2*k**2. Suppose -17 = -4*z + 2*v + 1, 2*v + 20 = 5*z. Suppose 0 = 2*c + 6 + z. What is g(c)?
0
Let q(d) = d**3 + 2*d**2 + 2*d + 4. Let l(n) = n**3 + n**2 + n. Let b(i) = 2*l(i) - q(i). What is b(0)?
-4
Let t(s) = -2*s + 5. Suppose 5*n + 13 = 48. Calculate t(n).
-9
Let k(r) = -3*r**3 - 5*r**2 - 6*r - 2. Let w(y) = 7*y**3 + 11*y**2 + 13*y + 4. Let q(i) = -5*k(i) - 2*w(i). Determine q(-3).
-10
Suppose -3*x + 2*a = -a - 21, 0 = -5*x - 2*a + 21. Let j(u) = 2*u**3 - 2*u**2 - 2*u + 1. Let v be j(2). Let n(p) = -1 - p - v + 2. Give n(x).
-9
Let x(u) = -3*u + 7. Let g(z) = 2*z + 1. Let p(s) = -g(s) - x(s). What is p(6)?
-2
Suppose 0 = -2*l - 10, 2*z - 2*l - 25 = -3*z. Let n(h) = -h + z*h + 0 + h**3 + 5 - 6*h**2. Suppose 3*p - p = 10. Calculate n(p).
-10
Let x(t) be the first derivative of t**4/4 + 4*t**3/3 - 3*t**2 - 3*t - 2. Suppose 0*o = -2*s + 5*o - 25, 0 = 2*o - 6. Calculate x(s).
2
Let q(b) = -2*b + 2. Let x be q(-2). Let k(j) = j**3 - 6*j**2 + j - 6. What is k(x)?
0
Suppose -5*s + 3*s - 12 = -4*v, v - 4 = 0. Suppose 0 = -s*g + 4*n - 14, -4*g = -5*n + n + 24. Let r(q) = -q - 4. Determine r(g).
1
Let h(x) = 0*x + 0*x - 1 - 11*x. Let q be 16/(-10) + 27/45. Determine h(q).
10
Let g(j) be the second derivative of -j**4/12 + j**3/6 - 15*j**2/2 + 69*j. Let w = -1 + 1. Determine g(w).
-15
Let q(i) be the second derivative of i**3/2 - 19*i. What is q(-4)?
-12
Let f = 7 + -3. Suppose 3*z + 10 = v - 4, -16 = f*z. Let c(a) = 0*a + a + 1 + 2*a**2 - 4*a**2. Give c(v).
-5
Suppose 0 = -4*m + 2*x - 14, -12 = m + 4*x - 31. Let i(l) = -7*l**2 + l + 1. What is i(m)?
-7
Let m(c) be the first derivative of -c**4/2 + 2*c**3/3 - c + 9. Determine m(-1).
3
Let j(y) be the third derivative of y**5/30 + y**4/8 + y**2. Let u = 5 + -13. Let r be (-2)/u + (-39)/12. Calculate j(r).
9
Let x(b) = 5 + 0*b - 2*b**2 + 3*b**2 - 3 - b. Determine x(3).
8
Let f(q) be the third derivative of q**4/8 + 4*q**2. Calculate f(-1).
-3
Let r(i) = i**2 + 9. Let b(u) = -u**2 + u - 8. Let c(k) = -6*b(k) - 5*r(k). Let z = 10 - 6. Suppose 0 = -3*h - 6, z*h - 14 = -5*a + h. Calculate c(a).
-5
Let y be 16/6*(-6)/(-4). Let r(n) be the first derivative of -n**4/12 + 2*n**3/3 + 5*n**2/2 - n + 4. Let p(k) be the first derivative of r(k). Calculate p(y).
5
Let r(v) = -5*v**2 + 3*v**2 + 5*v**2. Determine r(-1).
3
Let n(k) = -5*k**2 + 3*k**2 - 5*k + 3*k**2 + 5 - 2*k**2. Calculate n(-5).
5
Let b(y) = -y + 1. Let o be b(4). Let n(l) = -l**2 - 3*l + 3. What is n(o)?
3
Let h be (-8)/(-6)*(-3)/(-2). Let d(c) = 4*c**3 - 3*c**2 + 3. Let k(f) = -9*f**3 + 7*f**2 - 7. Let s(r) = -7*d(r) - 3*k(r). What is s(h)?
-8
Let u(z) = 13*z - 5. Let x(a) = -6*a + 2. Let b(m) = -4*u(m) - 9*x(m). Let c = 2 - -2. Give b(c).
10
Let a(u) be the first derivative of u**4/4 + 2*u**3/3 - u**2 - u + 12. Determine a(-2).
3
Let f(u) = u + 8. Suppose -2*n = -5 + 1. Let a(b) = b + 1. Let l(t) = n*a(t) - f(t). Suppose 2*r = -0*r + 10. What is l(r)?
-1
Let g = -112 + 673/6. Let u(c) be the third derivative of 1/60*c**5 + 0*c - 1/24*c**4 + 0 - 4*c**2 - g*c**3. Determine u(1).
-1
Let o(s) = -s**3 + s**2 + 1. Let b be 12/(-9) + (-1)/(-3). Let m(z) = z**3 - 7*z**2 - 4*z - 7. Let a(r) = b*m(r) - 2*o(r). Calculate a(-5).
-15
Suppose -5*x = -7*x - 8. Let k be (-33)/(-6) + 6/x. Suppose 0 = -4*g + k*i - 13 - 19, 0 = -3*g - i - 12. Let z(o) = o**3 + 5*o**2 + 2*o + 6. Give z(g).
-4
Let l(s) = 5*s - 3 + 5*s**2 - s**2 - s**3 + 4. Suppose -60 = -5*k + 5*z, -k + 12 = -2*k - 5*z. Let u(f) = -f**2 + 8*f + 5. Let y be u(k). Determine l(y).
1
Let p(t) be the third derivative of -t**6/120 - t**5/10 - 7*t**4/24 - 7*t**3/6 + 5*t**2. Let f = 9 + -14. What is p(f)?
3
Let u(o) be the first derivative of -1 + 1/2*o**2 - o + 9/2*o**4 - 1/3*o**3. Give u(1).
17
Let l(o) = o**3 + 6*o**2 + 3*o - 4. Let m(i) = i**2 - 14*i - 20. Let v be m(15). Determine l(v).
6
Let a(f) = -f**2 + 5*f + 2. Let t be a(5). Let d(k) = -k**3 + 4*k**2 - 2*k. Let m(c) = -c**3 - c. Let r(n) = d(n) + m(n). Calculate r(t).
-6
Suppose -4*c - 2 = l - 3*l, 0 = -c - 3*l + 17. Suppose c + 1 = -u. Let t(a) = -a**3 - 3*a**2 + 3. Give t(u).
3
Let w(r) = -3 + 2*r - r - 5*r. Let k = 9 - 8. Suppose b + 1 + k = 0. Calculate w(b).
5
Let i be (-4)/6*36/(-6). Let r(v) be the second derivative of -2*v + 1/6*v**3 + 1/2*v**2 + 0 - 1/2*v**i. Determine r(-1).
-6
Let n(c) = c**3 - 10*c**2 + 5*c + 0*c - c - 14 - 2*c. Calculate n(10).
6
Let x(n) be the first derivative of n**3/6 + 3*n**2/2 + 2*n + 1. Let f(i) be the first derivative of x(i). Let l = -9 - -4. Determine f(l).
-2
Let u(v) = 2*v + 2. Let l be (2/4)/(4/(-40)). Let g(c) = -c - 8. Let n be g(l). Determine u(n).
-4
Let v(r) = -r + 1. Let p(k) = 3*k + 1. Let n(b) = -2*p(b) - 4*v(b). Let m(a) = -a - 1. Let l(w) = -5*m(w) + n(w). What is l(2)?
5
Let b(g) be the third derivative of g**7/2520 - g**6/144 + g**4/24 + 3*g**2. Let a(q) be the second derivative of b(q). Let x = 6 - 2. Calculate a(x).
-4
Suppose -1 = -u, -o + 3*u = -2*u. Let p = 9 + -3. Let j(m) = -5*m - m**3 + m**2 - p + 6*m**2 + 0*m**3 - m**2. What is j(o)?
-6
Let i(v) be the first derivative of -4*v - 4*v**2 + 5/3*v**3 + 1/4*v**4 - 1. Determine i(-6).
8
Let c(g) be the third derivative of -g**6/120 + g**5/30 + g**4/8 + g**3/3 - 5*g**2. Determine c(3).
2
Let v(w) = -w + 9. Let i be 16/(-24) - 4/(-6). Calculate v(i).
9
Let h(c) = 16*c - 11. Let z(g) = -8*g + 5. Let o(k) = 6*h(k) + 13*z(k). What is o(-1)?
7
Let m(s) = -s**2. Let r(x) = -7*x**2 + 7*x + 2. Let b(a) = -6*m(a) + r(a). Calculate b(5).
12
Let c(k) be the first derivative of -k**4/4 - 2*k**3 + 4*k**2 - 7*k + 23. Calculate c(-7).
-14
Let g(k) = -15*k + 1. Suppose -2*p = -2*q - 7*p + 7, -5*q = -5*p. Give g(q).
-14
Let l(h) = -h. Let v = 2 - 0. Let m(s) = -s**2 - 5*s + 3. Let a(z) = v*l(z) - m(z). Suppose -13 = 2*o - 3. What is a(o)?
7
Let d(i) = 5*i**3 - 10*i**2 + 7*i + 3. Let f(q) = q**3 - q**2 + q. Let z(h) = d(h) - 6*f(h). Give z(-3).
-9
Let m be 28/(-7) + 1 + -1. Let c = 8 + m. Let o(r) = 3 + 0*r + 4*r - c. Determine o(2).
7
Let z(k) = -k + 2. Let q be ((-4)/16)/((10/(-8))/(-5)). Give z(q).
3
Let c = 85/2 + -42. Let o(p) be the second derivative of 2*p + 0 + c*p**2 - 1/6*p**3 + 1/6*p**4 + 1/20*p**5. Calculate o(-3).
-5
Let d(g) be the third derivative of g**6/120 - g**3/3 + 33*g**2. Determine d(2).
6
Let j(y) = -y**2 - 4*y + 4. Let w(q) = -6*q + 4 - 2*q - q**2 + 4*q. Let d = -11 + 7. Let a(n) = d*j(n) + 5*w(n). Give a(-4).
4
Suppose 0 = -2*a + 207 - 193. Let s(w) be the second derivative of -w**3/6 + 3*w**2 - 3*w. Calculate s(a).
-1
Let z(k) = -k + 1. Let f(n) = -n + 5. Let g be f(6). Let y be 1 - -1 - (-3 - g). Suppose -y*c + 16 = -0. Calculate z(c).
-3
Let k(g) = -g**2 + 6*g - 3. Let n be k(4). Let b = n - 3. Let c(i) = 3*i**2 - 4*i + 2. What is c(b)?
6
Let s(r) be the second derivative of r**3/3 - r**2 - r. Let j(y) = y. Let k(t) = 2*j(t) + s(t). Determine k(3).
10
Suppose 4*d - 2*c + 12 = 0, 3*d = 2*c - 3 - 5. Let t(y) = y - 1. Give t(d).
-5
Let t(w) = w**2 - 7*w + 1. Let m(s) = s - 3 - 4*s - s + 1. Let z be m(-2). Calculate t(z).
-5
Let u(g) be the first derivative of -g**2/2 + g + 1. Suppose 0*h - 5*h = -5. Determine u(h).
0
Let b be (-35)/(-20) - 1/(-4). Let z(x) = 8*x**b - x + 3*x - 2*x. Give z(1).
8
Suppose 0 = -4*z + 2*j - 4, z + 2*z + 3 = 5*j. Let s(h) = 3. Let d(y) = y - 4. Let x(v) = -2*d(v) - 3*s(v). Calculate x(z).
1
Let h(s) = -s**2 + 3*s - 1. Let f be h(3). Let j be (1 + -2)/f*1. Let k(n) = 8*n + j - 2 - 4*n. Calculate k(1).
3
Suppose -2*c + 1 = -5. Let b(g) = g - 7*g**3 + g**3 - 2 + 5*g**c. Determine b(-2).
4
Let x(f) = -f**3 - f**2 + f + 5. Let g = -8 + 0. Let q(d) = d + 11. Let j be q(g). Suppose w = -j*w. What is x(w)?
5
Let n(p) = p**3 - 3*p**2